{"id":10335,"date":"2025-05-10T20:38:41","date_gmt":"2025-05-10T19:38:41","guid":{"rendered":"https:\/\/josip.lu\/?page_id=10335"},"modified":"2025-08-08T13:35:32","modified_gmt":"2025-08-08T12:35:32","slug":"10-05-2025-pumpaj-luxembourg-city","status":"publish","type":"page","link":"https:\/\/josip.lu\/index.php\/10-05-2025-pumpaj-luxembourg-city\/","title":{"rendered":"10.05.2025: Pumpaj @ Luxembourg-City"},"content":{"rendered":"<p>[et_pb_section fb_built=&#8220;1&#8243; _builder_version=&#8220;4.27.4&#8243; _module_preset=&#8220;default&#8220; global_colors_info=&#8220;{}&#8220;][et_pb_row _builder_version=&#8220;4.27.4&#8243; _module_preset=&#8220;default&#8220; global_colors_info=&#8220;{}&#8220;][et_pb_column type=&#8220;4_4&#8243; _builder_version=&#8220;4.27.4&#8243; _module_preset=&#8220;default&#8220; global_colors_info=&#8220;{}&#8220;][et_pb_text _builder_version=&#8220;4.27.4&#8243; _module_preset=&#8220;default&#8220; global_colors_info=&#8220;{}&#8220;]<\/p>\n<h1>10.05.2025: Pumpaj @ Luxembourg-City<\/h1>\n<p>[\/et_pb_text][et_pb_gallery gallery_ids=&#8220;10339,10340,10341,10342,10343,10344,10345,10346,10347,10348,10349,10350,10351,10352,10353,10354,10355,10356,10357,10358,10359,10360,10361,10362,10363,10364,10365,10366,10367,10368,10369,10370,10371,10372,10373,10374,10375,10376,10377,10378,10379,10380,10381,10382,10383,10384,10385,10386,10387,10388,10389,10390,10391,10392,10393,10394,10395,10396,10397,10398,10399,10400,10401,10402,10403,10404,10405,10406&#8243; posts_number=&#8220;68&#8243; show_title_and_caption=&#8220;off&#8220; show_pagination=&#8220;off&#8220; _builder_version=&#8220;4.27.4&#8243; _module_preset=&#8220;default&#8220; global_colors_info=&#8220;{}&#8220;][\/et_pb_gallery][\/et_pb_column][\/et_pb_row][et_pb_row _builder_version=&#8220;4.27.4&#8243; _module_preset=&#8220;default&#8220;][et_pb_column _builder_version=&#8220;4.27.4&#8243; _module_preset=&#8220;default&#8220; type=&#8220;4_4&#8243;][et_pb_text _builder_version=&#8220;4.27.4&#8243; _module_preset=&#8220;default&#8220; hover_enabled=&#8220;0&#8243; sticky_enabled=&#8220;0&#8243;]<\/p>\n<h2><strong>Press clipping<\/strong><\/h2>\n<p>&nbsp;<\/p>\n<p><strong>Track to Brussels<\/strong><br \/>https:\/\/de.tracktobrussels.com\/<\/p>\n<p><strong>N1 Serbia:<\/strong> Gradona\u010delnica Luksemburga do\u010dekala trka\u010de: &#8222;Divimo se va\u0161oj hrabrosti&#8220;<br \/><a href=\"https:\/\/n1info.rs\/vesti\/gradonacelnica-luksemburga-docekala-trkace-divimo-se-vasoj-hrabrosti\">https:\/\/n1info.rs\/vesti\/gradonacelnica-luksemburga-docekala-trkace-divimo-se-vasoj-hrabrosti<\/a><\/p>\n<p><strong>Radio 100,7:<\/strong> Zu Fouss vun Novi Sad op Br\u00e9issel fir politesch Ver\u00e4nnerung<br \/><a href=\"https:\/\/100komma7.lu\/news\/Ze-Fouss-vun-Novi-Sad-op-Breissel-fir-politesch-Verannerung\">https:\/\/100komma7.lu\/news\/Ze-Fouss-vun-Novi-Sad-op-Breissel-fir-politesch-Verannerung<\/a><\/p>\n<p><strong>Luxemburger Wort:<\/strong> Proteste gegen Korruption in Serbien erreichen auch Luxemburg<br \/><a href=\"https:\/\/www.wort.lu\/politik\/proteste-gegen-korruption-in-serbien-erreichen-auch-luxemburg\/65580826.html\">https:\/\/www.wort.lu\/politik\/proteste-gegen-korruption-in-serbien-erreichen-auch-luxemburg\/65580826.html<\/a><\/p>\n<p><strong>RTL.lu:<\/strong> Serbesch Studente lafen, fir op Situatioun an hirem Land opmierksam ze maachen<br \/><a href=\"https:\/\/www.rtl.lu\/news\/national\/a\/2302195.html\">https:\/\/www.rtl.lu\/news\/national\/a\/2302195.html<\/a><\/p>\n<p>&nbsp;<\/p>\n<p>[\/et_pb_text][\/et_pb_column][\/et_pb_row][\/et_pb_section]<\/p>\n","protected":false},"excerpt":{"rendered":"<p>10.05.2025: Pumpaj @ Luxembourg-CityPress clipping &nbsp; Track to Brusselshttps:\/\/de.tracktobrussels.com\/ N1 Serbia: Gradona\u010delnica Luksemburga do\u010dekala trka\u010de: &#8222;Divimo se va\u0161oj hrabrosti&#8220;https:\/\/n1info.rs\/vesti\/gradonacelnica-luksemburga-docekala-trkace-divimo-se-vasoj-hrabrosti Radio 100,7: Zu Fouss vun Novi Sad op Br\u00e9issel fir politesch Ver\u00e4nnerunghttps:\/\/100komma7.lu\/news\/Ze-Fouss-vun-Novi-Sad-op-Breissel-fir-politesch-Verannerung Luxemburger Wort: Proteste gegen Korruption in Serbien erreichen auch Luxemburghttps:\/\/www.wort.lu\/politik\/proteste-gegen-korruption-in-serbien-erreichen-auch-luxemburg\/65580826.html RTL.lu: Serbesch Studente lafen, fir op Situatioun an hirem Land opmierksam ze maachenhttps:\/\/www.rtl.lu\/news\/national\/a\/2302195.html &nbsp;<\/p>\n","protected":false},"author":1,"featured_media":0,"parent":0,"menu_order":0,"comment_status":"closed","ping_status":"closed","template":"","meta":{"_et_pb_use_builder":"on","_et_pb_old_content":"","_et_gb_content_width":"","footnotes":""},"class_list":["post-10335","page","type-page","status-publish","hentry"],"_links":{"self":[{"href":"https:\/\/josip.lu\/index.php\/wp-json\/wp\/v2\/pages\/10335","targetHints":{"allow":["GET"]}}],"collection":[{"href":"https:\/\/josip.lu\/index.php\/wp-json\/wp\/v2\/pages"}],"about":[{"href":"https:\/\/josip.lu\/index.php\/wp-json\/wp\/v2\/types\/page"}],"author":[{"embeddable":true,"href":"https:\/\/josip.lu\/index.php\/wp-json\/wp\/v2\/users\/1"}],"replies":[{"embeddable":true,"href":"https:\/\/josip.lu\/index.php\/wp-json\/wp\/v2\/comments?post=10335"}],"version-history":[{"count":5,"href":"https:\/\/josip.lu\/index.php\/wp-json\/wp\/v2\/pages\/10335\/revisions"}],"predecessor-version":[{"id":10479,"href":"https:\/\/josip.lu\/index.php\/wp-json\/wp\/v2\/pages\/10335\/revisions\/10479"}],"wp:attachment":[{"href":"https:\/\/josip.lu\/index.php\/wp-json\/wp\/v2\/media?parent=10335"}],"curies":[{"name":"wp","href":"https:\/\/api.w.org\/{rel}","templated":true}]}}

<p>[et_pb_section fb_built=&#8220;1&#8243; _builder_version=&#8220;4.27.4&#8243; _module_preset=&#8220;default&#8220; global_colors_info=&#8220;{}&#8220;][et_pb_row _builder_version=&#8220;4.27.4&#8243; _module_preset=&#8220;default&#8220; global_colors_info=&#8220;{}&#8220;][et_pb_column type=&#8220;4_4&#8243; _builder_version=&#8220;4.27.4&#8243; _module_preset=&#8220;default&#8220; global_colors_info=&#8220;{}&#8220;][et_pb_text _builder_version=&#8220;4.27.4&#8243; _module_preset=&#8220;default&#8220; global_colors_info=&#8220;{}&#8220;]</p>
<h1>10.05.2025: Pumpaj @ Luxembourg-City</h1>
<p>[/et_pb_text][et_pb_gallery gallery_ids=&#8220;10339,10340,10341,10342,10343,10344,10345,10346,10347,10348,10349,10350,10351,10352,10353,10354,10355,10356,10357,10358,10359,10360,10361,10362,10363,10364,10365,10366,10367,10368,10369,10370,10371,10372,10373,10374,10375,10376,10377,10378,10379,10380,10381,10382,10383,10384,10385,10386,10387,10388,10389,10390,10391,10392,10393,10394,10395,10396,10397,10398,10399,10400,10401,10402,10403,10404,10405,10406&#8243; posts_number=&#8220;68&#8243; show_title_and_caption=&#8220;off&#8220; show_pagination=&#8220;off&#8220; _builder_version=&#8220;4.27.4&#8243; _module_preset=&#8220;default&#8220; global_colors_info=&#8220;{}&#8220;][/et_pb_gallery][/et_pb_column][/et_pb_row][et_pb_row _builder_version=&#8220;4.27.4&#8243; _module_preset=&#8220;default&#8220;][et_pb_column _builder_version=&#8220;4.27.4&#8243; _module_preset=&#8220;default&#8220; type=&#8220;4_4&#8243;][et_pb_text _builder_version=&#8220;4.27.4&#8243; _module_preset=&#8220;default&#8220; hover_enabled=&#8220;0&#8243; sticky_enabled=&#8220;0&#8243;]</p>
<h2><strong>Press clipping</strong></h2>
<p>&nbsp;</p>
<p><strong>Track to Brussels</strong><br />https://de.tracktobrussels.com/</p>
<p><strong>N1 Serbia:</strong> Gradonačelnica Luksemburga dočekala trkače: &#8222;Divimo se vašoj hrabrosti&#8220;<br /><a href="https://n1info.rs/vesti/gradonacelnica-luksemburga-docekala-trkace-divimo-se-vasoj-hrabrosti">https://n1info.rs/vesti/gradonacelnica-luksemburga-docekala-trkace-divimo-se-vasoj-hrabrosti</a></p>
<p><strong>Radio 100,7:</strong> Zu Fouss vun Novi Sad op Bréissel fir politesch Verännerung<br /><a href="https://100komma7.lu/news/Ze-Fouss-vun-Novi-Sad-op-Breissel-fir-politesch-Verannerung">https://100komma7.lu/news/Ze-Fouss-vun-Novi-Sad-op-Breissel-fir-politesch-Verannerung</a></p>
<p><strong>Luxemburger Wort:</strong> Proteste gegen Korruption in Serbien erreichen auch Luxemburg<br /><a href="https://www.wort.lu/politik/proteste-gegen-korruption-in-serbien-erreichen-auch-luxemburg/65580826.html">https://www.wort.lu/politik/proteste-gegen-korruption-in-serbien-erreichen-auch-luxemburg/65580826.html</a></p>
<p><strong>RTL.lu:</strong> Serbesch Studente lafen, fir op Situatioun an hirem Land opmierksam ze maachen<br /><a href="https://www.rtl.lu/news/national/a/2302195.html">https://www.rtl.lu/news/national/a/2302195.html</a></p>
<p>&nbsp;</p>
<p>[/et_pb_text][/et_pb_column][/et_pb_row][/et_pb_section]</p>

<p>10.05.2025: Pumpaj @ Luxembourg-CityPress clipping &nbsp; Track to Brusselshttps://de.tracktobrussels.com/ N1 Serbia: Gradonačelnica Luksemburga dočekala trkače: &#8222;Divimo se vašoj hrabrosti&#8220;https://n1info.rs/vesti/gradonacelnica-luksemburga-docekala-trkace-divimo-se-vasoj-hrabrosti Radio 100,7: Zu Fouss vun Novi Sad op Bréissel fir politesch Verännerunghttps://100komma7.lu/news/Ze-Fouss-vun-Novi-Sad-op-Breissel-fir-politesch-Verannerung Luxemburger Wort: Proteste gegen Korruption in Serbien erreichen auch Luxemburghttps://www.wort.lu/politik/proteste-gegen-korruption-in-serbien-erreichen-auch-luxemburg/65580826.html RTL.lu: Serbesch Studente lafen, fir op Situatioun an hirem Land opmierksam ze maachenhttps://www.rtl.lu/news/national/a/2302195.html &nbsp;</p>
